by o?
11
Suppose -3*k + 75 = 2*k. Suppose -40 = -2*o - 2*z, -o + k = o - 3*z. What is the remainder when o is divided by (-40)/(-6)*12/10?
7
Let x = -8 - -5. Let k = 2 + x. What is the remainder when (k - (-6)/3) + 43 is divided by 15?
14
Let j(r) = r**2 + 9*r + 18. Calculate the remainder when j(-16) is divided by 11.
9
Suppose -5*p + 57 = -2*p. Let s = p + 5. What is the remainder when s is divided by 9?
6
Let q(j) = -j**2 + 16*j - 7. Suppose 4*m + 0*m - 56 = 0. What is the remainder when q(m) is divided by 6?
3
Let x be 27/6 + 2/4. Let f(y) = y**2 - 3*y. What is the remainder when 1000/55 + 2/(-11) is divided by f(x)?
8
Calculate the remainder when -3*-1*2/4*4 is divided by 4.
2
Suppose -2*j + 4*q = j - 14, 3*q - 9 = -j. Let g = -5 + j. Suppose 2*a - 3 = r, 3*r - 2*a - g = -a. What is the remainder when 3 is divided by r?
0
Let n be (4 - (3 - -4))*2. Let m(i) = -i + 7. Suppose -8 = -2*l - 0*v + 4*v, -4*l + v + 30 = 0. What is the remainder when m(n) is divided by l?
5
Let y(o) = o + 4. Let d be y(0). Let j = 7 - d. Calculate the remainder when 14/4 - 3/(-6) is divided by j.
1
Let v(p) = -p**2 - 8*p - 9. Let r be v(-6). What is the remainder when 38 is divided by (-13)/r*(0 - 3)?
12
Let x be (2/3)/(4/(-18)). Let y = x + 4. What is the remainder when 1 is divided by y?
0
Let n = 35 + -30. Suppose 2*r + 3 = -3*i + 5, 4*r + i = 14. Suppose 5*u + 46 = r*k + 2*u, -n*k = -5*u - 60. Calculate the remainder when 18 is divided by k.
8
Let i = 2 + 7. Calculate the remainder when i is divided by 0 - (-1 + 6/(-3)).
0
Let h = -1 - -3. Suppose -11 = -h*y + 29. Calculate the remainder when 58 is divided by y.
18
Calculate the remainder when (66/(-4))/((-5)/10) is divided by 18.
15
What is the remainder when (-153)/(-15) - (-20)/25 is divided by 7?
4
Let x(v) = v**2 + 10*v + 10. Let t be x(-9). Suppose o - 7 - t = 0. Let i = -13 + 27. What is the remainder when i is divided by o?
6
Let w(q) = -q**2 - 7*q - 3. Let r(h) = h**3 - h - 6. Let j be r(0). Calculate the remainder when ((-8)/10)/(1/(-10)) is divided by w(j).
2
Suppose 12*x + 24 - 84 = 0. Calculate the remainder when x is divided by 3.
2
Suppose 0 = -s - 3*k + 16, 5 = -2*s + 4*k + 27. Calculate the remainder when 51 is divided by s.
12
Let l(n) be the third derivative of -n**4/6 - n**3/2 + 4*n**2. Let i = 2 + -4. Calculate the remainder when 14 is divided by l(i).
4
Suppose -5*m + 99 = -3*m - 5*j, -4*m + 184 = 4*j. Suppose -3*d = -k - 77, -4*d + 2*k = -9*d + 121. What is the remainder when m is divided by d?
22
What is the remainder when 94 - (-5 + 3 + 4) is divided by 24?
20
Suppose 0 = 3*l - l + 5*m - 18, 3*m = 3*l - 48. Calculate the remainder when 53 is divided by l.
11
Suppose -35 = 3*y - 8*y. Let i(u) = -6*u**2 + 1. Let r be i(-1). Let b(l) = -l**2 - 8*l - 3. Calculate the remainder when b(r) is divided by y.
5
Calculate the remainder when 29 is divided by (-11)/(-1) + -4 + 1.
5
Let b = 11 + -7. Suppose b*g - 3*g - 4 = 0. What is the remainder when 11 is divided by g?
3
Suppose 15 = 5*b, 2*j = 4*b - 51 + 137. Calculate the remainder when j is divided by 29.
20
Let b(z) = z + 10. Let i = 0 - 0. Suppose 5*d - 16 = 4*o, 3*o + 0 = d - 1. Calculate the remainder when b(i) is divided by d.
2
Suppose 5 = b, -3*b = 2*l - 4*b - 3. Suppose 3*g + 0*g - 77 = l*h, 0 = -3*g + h + 62. What is the remainder when 73 is divided by g?
16
Let x(s) = s**3 + 8*s**2 - 4. Let y be x(-8). What is the remainder when (6/y)/(9/(-204)) is divided by 18?
16
Suppose -p + 120 = 7*p. Calculate the remainder when 28 is divided by p.
13
What is the remainder when 33 is divided by 18/3*3/2?
6
Let v = 18 + 11. Suppose -4*x + 1 = 5, 3*x - 37 = -5*w. What is the remainder when v is divided by w?
5
Suppose -q = -4*q + 15. Suppose -5*b = 2*n - 52, -q = -b - 0*b + 5*n. What is the remainder when (-1)/2 - 590/(-20) is divided by b?
9
Let b = 31 + -1. Calculate the remainder when b is divided by 7.
2
Let b(v) = v**3 - 8*v**2 + v + 2. Let z(t) = t - 5 - 15*t + 2*t - 1 - t**2. What is the remainder when z(-7) is divided by b(8)?
9
Let w = 166 + -150. Calculate the remainder when 110 is divided by w.
14
Let k = -67 + 109. What is the remainder when k is divided by 22?
20
Let b = 179 - 116. Calculate the remainder when b is divided by 2*2*-1*-4.
15
Suppose -2*w - 5*u + 53 = 0, 2*w + 0*w - 43 = -3*u. Calculate the remainder when 54 is divided by w.
12
Let a = -76 - -79. Calculate the remainder when a is divided by ((-6)/4)/((-6)/8).
1
Suppose -g + 47 = 12. Calculate the remainder when g is divided by 9.
8
Suppose -9*i + 126 = -6*i. What is the remainder when i is divided by 22?
20
What is the remainder when 142 is divided by (-6)/((-1)/18*3)?
34
Let u(m) = -m + 5. Let d = 5 - 9. Suppose 275 = -j + 12*j. Calculate the remainder when j is divided by u(d).
7
Calculate the remainder when 36 is divided by 1 - 2 - 80/(-4).
17
Suppose -a - 16 = -4*j, -5*j + 2*a = 3*a - 11. Let b = j + 6. What is the remainder when 17 is divided by b?
8
Suppose 4*d - 30 = 5*o, o + 2 = d - 5. Calculate the remainder when 9 is divided by d.
4
Let w(l) = -8*l - 1. Calculate the remainder when 33 is divided by w(-1).
5
Let v = 226 - 161. Calculate the remainder when v is divided by 17.
14
Let a be 4/6 - (-1)/3. Let w = 3 - a. What is the remainder when w is divided by 1?
0
Suppose -3*f + 1 + 11 = 0. Suppose 4*a + 4*k = 64, -7*k = f*a - 2*k - 62. Calculate the remainder when a is divided by 10.
8
Suppose -3*u = -2*u - 35. Let s(z) = 2*z - 5. Calculate the remainder when u is divided by s(7).
8
Let y(c) = 36*c. Suppose -2*b = -12 + 8. What is the remainder when y(b) is divided by 25?
22
Suppose 0*g + 142 = -2*f + 4*g, 0 = -3*f - 2*g - 197. Let c = 111 + f. Suppose z + c = 5*z. Calculate the remainder when 32 is divided by z.
10
Let w = 163 + -92. What is the remainder when w is divided by 11?
5
Let w = -8 - 1. What is the remainder when 22 is divided by (18/7)/(w/(-42))?
10
Let v(k) = k**2 + k - 2. Let t be v(-6). Suppose -t = -0*z - z. Let d = -8 - -18. What is the remainder when z is divided by d?
8
Suppose 5*f + 4*k - 746 = 0, -5*f + 0*f - 3*k = -742. What is the remainder when f is divided by 30?
26
Suppose -2*z = -h - 48, -3*z + 134 = 2*z + h. Let k = z - 3. Calculate the remainder when k is divided by 6.
5
Let v(f) = f**3 + 9*f**2 - 2*f + 6. Calculate the remainder when v(-7) is divided by 30.
28
Suppose 3*n + 138 = 5*n - 4*w, 2*w + 4 = 0. Calculate the remainder when n is divided by 34.
31
Suppose w + 13 = 3*z, 3*w + 4*z - 13 = -0*z. Let q = w - -8. Calculate the remainder when 19 is divided by q.
5
Suppose 0 = -3*i + 2*o + 20, -2*i - 3*i + o + 38 = 0. Suppose -q + i = q. What is the remainder when 11 is divided by q?
3
Suppose 24 = z - 4*l - 26, 5*l = -20. What is the remainder when z is divided by 5?
4
Let x(l) = l**2 - 2*l - 3. Let m be x(3). Suppose 3*j = j - 4. Calculate the remainder when m - -35 - j/(-2) is divided by 12.
10
Let h = 20 + 6. Let x = 27 - 9. Let t = 32 - x. Calculate the remainder when h is divided by t.
12
Let d(p) = 7*p + 2. Calculate the remainder when d(3) is divided by 13.
10
Suppose 4*l = -5*s + 53, -s + 3 = -l - 2*l. Let g(z) = -z - 6. Let x be g(-8). Suppose 7*m = x*m + 25. What is the remainder when s is divided by m?
4
Let a(z) = -z + 27. Let d(x) = -x**2 + 7*x + 8. Let f be d(7). Let s = -8 + f. Calculate the remainder when a(s) is divided by 14.
13
Let s(r) be the second derivative of -r**4/12 + 5*r**3/3 - 6*r**2 + r. Let n = -5 - -11. What is the remainder when n is divided by s(8)?
2
Let a(c) be the first derivative of -2*c**2 - 4*c - 3. Calculate the remainder when 23 is divided by a(-3).
7
Let d(a) = a**3 + 7*a**2 + 2*a + 1. Let z be d(-3). Suppose 4*t + p - 4*p = z, -p = 1. What is the remainder when t is divided by 4?
3
Let b = -109 - -181. Let q = -27 + b. What is the remainder when q is divided by 12?
9
Let q = -3 - -9. Suppose 5*a - 170 = -z + q*z, -4*a = 2*z - 130. Suppose 16 = -4*y + 64. Calculate the remainder when a is divided by y.
9
Suppose -35 + 203 = 14*a. Calculate the remainder when a is divided by 6.
0
Let c(v) = 2*v**2 - 10*v + 19. Calculate the remainder when c(8) is divided by 17.
16
Suppose 204 = 19*g - 81. What is the remainder when g is divided by 11?
4
Suppose 838 = 15*h + 313. What is the remainder w